+ 17 + 3, -x*g + 2*j = 8. Suppose -4*v - 2*z + 78 = g, 43 = -v + 3*v + 5*z. Is v prime?
True
Let i = 59 - 59. Suppose 2*t - 98594 = -2*d, i = -41*d + 40*d + 2*t + 49297. Is d prime?
True
Let z be (-3 + 3470)*(6 + 10/(-2)). Let i = z + -169. Suppose -3*g + 1631 = 2*r - r, 3*g = 2*r - i. Is r prime?
False
Let t be 26 - ((-4)/(-5))/(40/100). Suppose 147376 = -t*a + 28*a - 4*v, 4*v = -3*a + 110553. Is a prime?
True
Let u(q) be the third derivative of -58*q**4/3 + 27*q**3/2 + 7*q**2. Is u(-8) composite?
False
Suppose 0 = -5*f - 25, 38*f = c + 35*f - 115538. Is c a prime number?
True
Let d(v) = 1012*v**2 - 118*v + 5. Is d(-4) a composite number?
True
Let d = -125 - -516. Let u = -309 + 40. Let p = u + d. Is p a prime number?
False
Suppose -327*s + 326*s - 6 = 0. Let a(q) = -25*q + 11. Let u(c) = -100*c + 43. Let y(h) = 9*a(h) - 2*u(h). Is y(s) a prime number?
True
Let v be 7 + 6*(16/6 + -3). Suppose -4*c - v*i = -6, -i - 3*i = -3*c - 11. Let p(g) = -85*g + 4. Is p(c) a composite number?
False
Suppose 81*h - 99*h = 8896 - 1293862. Is h a composite number?
False
Let j(i) = -5*i**3 - 2*i**2 + 2. Let q be j(-2). Suppose -2*p - p - 37 = 2*y, -4*p - q = -5*y. Is (3 - p)*(897/6 - 3) prime?
False
Suppose 14*a - 158024 - 63386 = 0. Is a a composite number?
True
Let l be (-3)/36 - (-12167)/276. Suppose 4*p - 3622 = -3*z, -49*z + l*z + 1804 = 2*p. Is p prime?
True
Let x be 1/20*4 - (-396)/20. Suppose 23*b + v + 10801 = 28*b, 0 = -5*v + x. Is b a prime number?
True
Suppose 5*j = -3*w + w + 5330, 20 = 4*w. Suppose -3*d + 1340 = 2*d + 3*n, 0 = 4*d + 4*n - j. Is d a composite number?
False
Suppose -6 = 12*p - 15*p. Let h be (15/p - 3)*178/1. Suppose -x - n - 46 = -h, 2*x = 5*n + 1496. Is x a composite number?
True
Suppose -5*h + 642 = -4*h + 5*w, -w - 4 = 0. Let q = 1521 + h. Is q prime?
False
Suppose 9*f - 19*f + 1310 = 0. Let c = f - 117. Suppose c*j - 16*j = -4918. Is j a composite number?
False
Is 129*(7804/2)/((8 + 10)/3) prime?
False
Let n = -8817 - -18096. Suppose w = 4*w - o - 27839, 0 = w - o - n. Suppose 0 = -4*l + w + 3604. Is l a composite number?
False
Let v be 7517*2 + (-14 - -15). Suppose -5*d = -5*o + 23456 - 4636, -4*o + v = 3*d. Is o composite?
False
Suppose x - 1 = 0, -60576 = 5*a - x - 484770. Is a prime?
False
Suppose k + 11 = 3*d + 26, 39 = 5*k - 3*d. Let i(z) = 7*z + 0*z**2 + 4*z + 11 + z**2 + z. Is i(k) a prime number?
False
Suppose 10*o - 12*o = -4*r - 188126, -o - r = -94069. Is o prime?
False
Let s = 81763 - 43266. Is s prime?
False
Let j = -48059 + 77182. Is j a composite number?
False
Let b(x) = -82*x + 112. Let d be b(-6). Suppose 0 = -3*w - y + 14689, -2*w + y + d = -9192. Is w prime?
False
Let x = 2306605 - 1321706. Is x prime?
False
Suppose 5*c = 4*c - l, 18 = c - 5*l. Suppose w = -0 - c, 0 = -g + w. Is ((-674)/g)/((-16)/(-24)) a prime number?
True
Let q = 9647 - 8029. Is q composite?
True
Let w = 69224 - 42921. Is w a prime number?
False
Let m(g) be the first derivative of -27*g**4/4 - g**3/3 - 5*g**2 - 5*g - 5. Let s be m(-5). Suppose -3*w + s = 4*w. Is w a composite number?
True
Let o(x) = -27*x - 106. Let u be o(-18). Suppose -15783 = -383*d + u*d. Is d prime?
True
Suppose -16*w + 80 = -6*w. Suppose w*o = 7*o + 5, 1720 = 5*n - 3*o. Is n a composite number?
False
Suppose -3*a + a - 16 = -5*w, 3*w - 3*a = 6. Suppose -h + 2 = 4*c - 4*h, 3*c = 5*h - w. Suppose 0*i - c*i = 0, 5*m + i = 11425. Is m composite?
True
Let o = 1640502 - 902845. Is o a prime number?
True
Suppose o - 21 = 9. Suppose -3*p + 0*p = -o. Is (-71757)/(-105) + (-4)/p composite?
False
Let h(p) = 1118*p + 113. Let x be h(-13). Let n = 20260 + x. Is n a composite number?
False
Let r = 166258 - 69308. Suppose -7*k - 33901 + r = 0. Is k prime?
True
Let r = 421285 - 157916. Is r prime?
True
Suppose -d - 9095 - 1952 = 0. Let v = d + 18838. Is v/14 + 1/2 a prime number?
True
Let p(o) = 218*o**2 + 4*o - 13. Suppose 5*g - 6*f + f - 250 = 0, 0 = 4*g - 5*f - 203. Suppose g*u = 46*u + 4. Is p(u) composite?
False
Let r = 174651 - 74188. Is r composite?
True
Let u = -23237 - -63672. Is u a prime number?
False
Let a(p) = 8*p**2 - 12*p - 40. Let l be a(-4). Is (-3186)/(-72)*l/6 a prime number?
False
Let t = -3 - -27. Suppose 6 = -21*b + t*b. Suppose b*n + 581 = 2883. Is n a prime number?
True
Let d(w) = 13*w**2 - 126*w + 105. Is d(46) a composite number?
False
Let v(r) = 4123*r**3 - r**2 - 3*r + 5. Let q be v(2). Suppose -3*f + q = -30828. Is f a composite number?
False
Let a(i) = -23349*i - 487. Is a(-2) a composite number?
True
Let k(u) = u - 2. Let b be k(5). Suppose -b*m - 5*w = -19 - 15, 5*m - 5*w = -10. Suppose -5*r - 11 = m*s - 2402, -2*s = -4*r - 1594. Is s a composite number?
False
Suppose 0 = 5*c + 2*x - 132, 4*x + 68 = 2*c + x. Suppose 3*a = 32 + c. Let h(l) = 21*l + 58. Is h(a) composite?
True
Let l = 65862 - 43205. Is l a prime number?
False
Let b(d) = 121*d + 17. Let g be b(5). Let s be -1*0/((-6)/2). Suppose s = -u + 199 + g. Is u prime?
True
Let r be 12/(-42) + (-86)/(-7). Suppose y = d, -2*y - 4*d + r = -2*d. Suppose 2*q = -y*s + 877, 8*q - 3*q - 288 = -s. Is s a prime number?
True
Let a(j) = 151*j**2 + 184*j + 773. Is a(-4) a composite number?
True
Let r = 7613 + 548. Suppose 7*x + r = 8*x. Is x a prime number?
True
Let h be ((-2)/(-6))/((2 + 1)/36). Suppose 0*w + 2*w = -3*m - 84, 0 = -4*w - h*m - 172. Let j = 218 - w. Is j a prime number?
True
Let l(x) = x**2 - 11*x + 36. Let v be l(6). Suppose v*r + 20*r - 156988 = 0. Is r composite?
True
Let p be (-7 - (-82)/6) + (-2)/3. Suppose -p*x = -0*x - 8826. Is x composite?
False
Let v(a) = -956*a + 219. Let q(i) = -1912*i + 436. Let n(y) = -3*q(y) + 7*v(y). Is n(-6) prime?
False
Suppose 7*t + t + 16 = 0. Is -1 + 1 + (-82568)/16*t a prime number?
True
Suppose -4*k + k + 4*d = -34, 4*k + d = 20. Suppose 0 = -6*t + 8*t - k. Suppose -t*o - 2007 = -6*o. Is o prime?
False
Is ((-3)/12)/(8/(-9090016)) a prime number?
False
Suppose -30*y = -4*y + 10894449 - 34755325. Is y a prime number?
False
Let y(p) = -2*p**2 - 19*p - 38. Let f be y(-13). Let u = f - -134. Suppose -u*a + a = -15172. Is a composite?
False
Let x = 127 + -124. Suppose -4*o + 1243 = -x*p, 0*p = 2*o - p - 619. Is o a prime number?
True
Suppose -971720 = -20*t + 6*t + 4193426. Is t a composite number?
False
Let t = 1081 + 6. Suppose p - 4490 = -m, 2*m - 7892 = -p + t. Is m a prime number?
False
Suppose h + 20*j = 15*j + 644777, -1934247 = -3*h - j. Is h a prime number?
True
Let a be (166/6)/(2/216). Let x = a + -1545. Suppose d + x = 4*f, 3*f - 354 - 722 = 2*d. Is f a prime number?
False
Suppose 0 = -3*p - 31*p + 2504653 + 1325617. Is p prime?
False
Suppose -4*j + 308 = -4*w, 8*j - 317 = 4*w + 7*j. Let v = w - -667. Is v composite?
False
Let q = -8050 - -61263. Is q a composite number?
True
Let b = -27061 - -42849. Suppose -44*q = b - 94768. Is q a composite number?
True
Suppose a = 2*i - 157, 7*i - 3*a = 10*i - 240. Suppose -2*k = -4*k + 5*o + 17, -4*k + o = -i. Is k a prime number?
False
Let i = 44 + -194. Let l = -148 - i. Suppose -5920 = -2*r - 5*v, -l = 5*v + 8. Is r a prime number?
False
Suppose -5*b + 613 = -4*t, b - t - 76 - 47 = 0. Suppose b*x - 25698 = 115*x. Is x a prime number?
True
Let y(i) = -198*i**3 + 13*i**2 - 33*i + 15. Is y(-10) a composite number?
True
Suppose -55573 = -g + 3*m, 5*g + 2*m = 382038 - 104139. Is g prime?
True
Let r be (3*-1)/(0 - 5/(-5)). Let v be (r - -231) + -1 + 3 + -5. Let o = v - 136. Is o a prime number?
True
Suppose 2*x + 21 = 3*p - 146, -p + 3*x = -58. Suppose -5*l - 5*u = p, 8*u - 4*u + 12 = 0. Is (-1444)/l - 9/6 composite?
False
Let l(a) = -4*a**2 + 4*a + 5. Let q be l(-1). Is (-6)/12 + q/(30/(-10675)) a composite number?
True
Suppose -235*f = -5*t - 239*f + 489955, -2*t + 2*f = -195964. Is t prime?
True
Suppose -5*o = -1 + 11. Let m(y) = -857*y + 855. Let g be m(1). Is (-523 + g)*-1 + o + 4 composite?
True
Suppose 11*p = 1023966 + 1259859 - 685492. Is p composite?
False
Suppose 0 = 4*z + 3*f - 21, z - 2*z - 6 = -3*f. Suppose -z*c + 2*u = -7 + 27, 2*u = 4*c + 24. Is 1*(-3 - c)*307 prime?
True
Suppose 170 = 39*i - 1273. Suppose 187*a - i = 186*a. Is a prime?
True
Suppose 9*s - 2*k = 16151, -2*k + 1673 = -5*s + 10652. Is s prime?
False
Let c(z) = 4*z**2 + 2*z + 9. Let h(d) = 4*d - 11. Let f be h(13). Let x = 33 - f. 